{"version":"1.0","provider_name":"Suomen Elintarvikety\u00f6l\u00e4isten Liitto SEL","provider_url":"https:\/\/www.selry.fi\/sv\/","author_name":"Liisa Suonsivu","author_url":"https:\/\/www.selry.fi\/sv\/author\/liisa-suonsivu\/","title":"Resecheck v\u00e4rd 1000 euro delas ut under medlemsv\u00e4rvningsveckorna","type":"rich","width":600,"height":338,"html":"<blockquote class=\"wp-embedded-content\" data-secret=\"G4fs0GCT0s\"><a href=\"https:\/\/www.selry.fi\/sv\/nyheter\/resecheck-vard-1000-euro-delas-ut-under-medlemsvarvningsveckorna\/\">Resecheck v\u00e4rd 1000 euro delas ut under medlemsv\u00e4rvningsveckorna<\/a><\/blockquote><iframe sandbox=\"allow-scripts\" security=\"restricted\" src=\"https:\/\/www.selry.fi\/sv\/nyheter\/resecheck-vard-1000-euro-delas-ut-under-medlemsvarvningsveckorna\/embed\/#?secret=G4fs0GCT0s\" width=\"600\" height=\"338\" title=\"\u201dResecheck v\u00e4rd 1000 euro delas ut under medlemsv\u00e4rvningsveckorna\u201d &ndash; Suomen Elintarvikety\u00f6l\u00e4isten Liitto SEL\" data-secret=\"G4fs0GCT0s\" frameborder=\"0\" marginwidth=\"0\" marginheight=\"0\" scrolling=\"no\" class=\"wp-embedded-content\"><\/iframe><script type=\"text\/javascript\">\n\/* <![CDATA[ *\/\n\/*! This file is auto-generated *\/\n!function(d,l){\"use strict\";l.querySelector&&d.addEventListener&&\"undefined\"!=typeof URL&&(d.wp=d.wp||{},d.wp.receiveEmbedMessage||(d.wp.receiveEmbedMessage=function(e){var t=e.data;if((t||t.secret||t.message||t.value)&&!\/[^a-zA-Z0-9]\/.test(t.secret)){for(var s,r,n,a=l.querySelectorAll('iframe[data-secret=\"'+t.secret+'\"]'),o=l.querySelectorAll('blockquote[data-secret=\"'+t.secret+'\"]'),c=new RegExp(\"^https?:$\",\"i\"),i=0;i<o.length;i++)o[i].style.display=\"none\";for(i=0;i<a.length;i++)s=a[i],e.source===s.contentWindow&&(s.removeAttribute(\"style\"),\"height\"===t.message?(1e3<(r=parseInt(t.value,10))?r=1e3:~~r<200&&(r=200),s.height=r):\"link\"===t.message&&(r=new URL(s.getAttribute(\"src\")),n=new URL(t.value),c.test(n.protocol))&&n.host===r.host&&l.activeElement===s&&(d.top.location.href=t.value))}},d.addEventListener(\"message\",d.wp.receiveEmbedMessage,!1),l.addEventListener(\"DOMContentLoaded\",function(){for(var e,t,s=l.querySelectorAll(\"iframe.wp-embedded-content\"),r=0;r<s.length;r++)(t=(e=s[r]).getAttribute(\"data-secret\"))||(t=Math.random().toString(36).substring(2,12),e.src+=\"#?secret=\"+t,e.setAttribute(\"data-secret\",t)),e.contentWindow.postMessage({message:\"ready\",secret:t},\"*\")},!1)))}(window,document);\n\/\/# sourceURL=https:\/\/www.selry.fi\/wp-includes\/js\/wp-embed.min.js\n\/* ]]> *\/\n<\/script>\n","description":"SEL:s medlemsv\u00e4rvningsveckor p\u00e5g\u00e5r p\u00e5 livsmedelsbranschens arbetsplatser 1.11.-31.12.2020 under temat \u201dFackf\u00f6rbundet och f\u00f6rtroendemannen st\u00e5r p\u00e5 din sida&#8221;, initierat av&nbsp; val\u00e5ret av [\u2026] Lue lis\u00e4\u00e4 &raquo;","thumbnail_url":"https:\/\/www.selry.fi\/wp-content\/uploads\/2021\/05\/sel-placeholder-image.jpg","thumbnail_width":1920,"thumbnail_height":1080}

Suomen Elintarviketyöläisten Liitto SEL

Resecheck värd 1000 euro delas ut under medlemsvärvningsveckorna

<blockquote class="wp-embedded-content" data-secret="G4fs0GCT0s"><a href="https://www.selry.fi/sv/nyheter/resecheck-vard-1000-euro-delas-ut-under-medlemsvarvningsveckorna/">Resecheck värd 1000 euro delas ut under medlemsvärvningsveckorna</a></blockquote><iframe sandbox="allow-scripts" security="restricted" src="https://www.selry.fi/sv/nyheter/resecheck-vard-1000-euro-delas-ut-under-medlemsvarvningsveckorna/embed/#?secret=G4fs0GCT0s" width="600" height="338" title="”Resecheck värd 1000 euro delas ut under medlemsvärvningsveckorna” &ndash; Suomen Elintarviketyöläisten Liitto SEL" data-secret="G4fs0GCT0s" frameborder="0" marginwidth="0" marginheight="0" scrolling="no" class="wp-embedded-content"></iframe><script type="text/javascript">
/* <![CDATA[ */
/*! This file is auto-generated */
!function(d,l){"use strict";l.querySelector&&d.addEventListener&&"undefined"!=typeof URL&&(d.wp=d.wp||{},d.wp.receiveEmbedMessage||(d.wp.receiveEmbedMessage=function(e){var t=e.data;if((t||t.secret||t.message||t.value)&&!/[^a-zA-Z0-9]/.test(t.secret)){for(var s,r,n,a=l.querySelectorAll('iframe[data-secret="'+t.secret+'"]'),o=l.querySelectorAll('blockquote[data-secret="'+t.secret+'"]'),c=new RegExp("^https?:$","i"),i=0;i<o.length;i++)o[i].style.display="none";for(i=0;i<a.length;i++)s=a[i],e.source===s.contentWindow&&(s.removeAttribute("style"),"height"===t.message?(1e3<(r=parseInt(t.value,10))?r=1e3:~~r<200&&(r=200),s.height=r):"link"===t.message&&(r=new URL(s.getAttribute("src")),n=new URL(t.value),c.test(n.protocol))&&n.host===r.host&&l.activeElement===s&&(d.top.location.href=t.value))}},d.addEventListener("message",d.wp.receiveEmbedMessage,!1),l.addEventListener("DOMContentLoaded",function(){for(var e,t,s=l.querySelectorAll("iframe.wp-embedded-content"),r=0;r<s.length;r++)(t=(e=s[r]).getAttribute("data-secret"))||(t=Math.random().toString(36).substring(2,12),e.src+="#?secret="+t,e.setAttribute("data-secret",t)),e.contentWindow.postMessage({message:"ready",secret:t},"*")},!1)))}(window,document);
//# sourceURL=https://www.selry.fi/wp-includes/js/wp-embed.min.js
/* ]]> */
</script>

SEL:s medlemsvärvningsveckor pågår på livsmedelsbranschens arbetsplatser 1.11.-31.12.2020 under temat ”Fackförbundet och förtroendemannen står på din sida&#8221;, initierat av&nbsp; valåret av […] Lue lisää &raquo;
